1 - (-9 + 22 + -5 + -3))?
10
Calculate -25 + 20 - (-5 - 78) - -3 - 17.
64
Calculate -2 - -24 - (63 + -102).
61
What is 166 + -140 + (-5 - -1) + 3?
25
-2 + 3 - (1 - 2) - (3 - (37 - 31))
5
Calculate (-119 - -162) + (1 - 26) + (1 - 10).
9
-5 - (9 + (9 - 16)) - (31 + 2)
-40
What is the value of 5 + 8 + 0 + -2 + 33 + 1?
45
6 + 3 + 3 + -6 + -8 + -14 + 12
-4
What is the value of (2 - 1) + -24963 + 24976?
14
Evaluate 71 + -117 + (16 - -51).
21
Calculate (-22 + 13 + 20 - -121) + 5.
137
Calculate -21 + -2 + -4 + (71 - 54).
-10
Calculate -145 + 2 + (-21 - -128).
-36
(-1421 - -1298) + (78 - 0)
-45
-6 - (5 - (-71 + -4) - 12)
-74
Calculate (-15 - (-15 - -19)) + 12 + 1 + 0.
-6
What is the value of (170 - 124) + (-6 - 1)?
39
What is the value of -32 - (17 + 3) - ((-7 - -2) + (-7 - -8))?
-48
Evaluate 274 - (251 - -11) - (-1 - -103 - -1).
-91
Calculate 4485 + -4425 - (50 - -1).
9
Calculate (-22 - (-20 - (27 - 20)) - (0 + 3)) + -13.
-11
Evaluate 27 + 27 - 79 - (-15 - -3).
-13
Evaluate -28 + 6 + (17 - (3 + -7)).
-1
Calculate (-183 - -195) + 3 + -8 + -1.
6
What is 46 - -2 - (-920 + 901)?
67
What is 8 - (-10 - ((4 - 83) + (44 - 58)))?
-75
What is (-2 - 2) + (846 - 824)?
18
51 - (-49 + 94 + -23)
29
What is the value of 524 + -516 - (-18 - (2 + -2))?
26
What is the value of -624 + 653 + (1 - 42)?
-12
Evaluate 4 - (-20 - (15 + -84) - (-1 - 14)).
-60
What is the value of -16 + -3 + (-3 + -17 - -30) + -10?
-19
What is the value of 37 + (45 - (15 - -6) - 54)?
7
Calculate 36 + (10 - 34) + (3 - 33).
-18
(2 + -8 - -5) + (-2 - (-22 + 14))
5
Calculate (-22 - ((-9 - -1) + -25)) + -63 + -2.
-54
What is the value of (240 - 256) + (6 - (-3 + 21))?
-28
Calculate 0 + 68 + (-10 - (-13 + -1 + 10)) + -4.
58
Calculate (14 - 16 - -67) + (-125 - -136).
76
What is -49 + -50 + 82 + 58?
41
Calculate 11 + (-3 - 1 - -25) - -68.
100
What is the value of 143 - (-64 + 15 - -104)?
88
What is (-21 - -14) + (5 - (-8 - -11) - 10)?
-15
Evaluate 92 - (79 - 59) - 41.
31
What is 11 + (4 - (1 + 4)) + (9 - 28 - 36)?
-45
What is (3 - -12) + -64 + 32 + 28?
11
63 + -139 + 26 + 56
6
21 - (-39 + 7 + 2 + 15)
36
-60 + 100 + 3 + 15
58
Evaluate -33 + (1 - (20 - -12 - 52)).
-12
Calculate 3 + (10 - -10) + (5 - 20) - (31 + 9).
-32
Calculate -181 - (201 + -68 - 197).
-117
What is the value of (311 - 313 - (3 + 30 - 3)) + 10?
-22
Evaluate -87 + (42 - (56 + -17)) - (-1 + (-3 - -2)).
-82
Evaluate (5 - 10) + (10 - -12) + (91 - 39).
69
What is -36 + (-7 - (-88 + -34))?
79
What is 4 + -94 + (106 - -20) + -83?
-47
Calculate (18 + -63 + 28 - 71) + (-3 - (-9 + -3)).
-79
Calculate 62 - (0 + -3) - (-6604 - -6650).
19
Calculate (-59 - -130 - 50) + 15 + (2 - -1).
39
Evaluate -19 - (13 + -18 + 32) - ((3 - -2) + -1).
-50
What is -95 + 136 + -51 + 86?
76
What is (-7 - 150) + 276 - 205?
-86
Evaluate -78 - (127 + -233 - -17).
11
Calculate -11 - (-11 - -23 - -35) - -12.
-46
What is 77 + -17 + -2 + -151?
-93
-2 + 13 + -4 - (-7 + 22 + -17 - 3)
12
What is the value of 63 + -6 + -11 + (-17 - -12)?
41
Evaluate 0 - (-2 - (2 + -3)) - (-62 + 76 + 28).
-41
Calculate -17 + (2 - 5) - (-1 - 5).
-14
Calculate -1 + 13 + 132 + -201 + 0 + 7.
-50
What is -31 + -5 + (-8 + -1 - -8) - 10?
-47
What is (-39 - -46) + (139 - (11 + -8 - 2))?
145
Calculate (-117 - ((7 - -21) + -57)) + -1 + -7 + -1.
-97
What is -1 + 2 - 4 - (40 + (-9 + 10 - -9))?
-53
Evaluate (-99 - -28) + 172 + (1 - (17 + -2 + 0)).
87
What is the value of (-31 + 109 - 50) + -27 - (5 - -1)?
-5
What is -781 - -771 - (-10 - -1) - -19?
18
-111 + 105 + (-5 - -18) + 0 + -3
4
-2 + 1 - 2 - (-6429 - -6420)
6
What is the value of -75 - (-54 - 18 - -23)?
-26
What is the value of -1363 + 1451 - (2 + 74)?
12
What is 15 + (38 - 16 - 4) + -39 + -1 + 4?
-3
What is (-9 - -1 - (113 - 140) - 13) + 10?
16
What is the value of -21 + ((93 - 4 - 11) + 2 - 16)?
43
What is the value of -368 + 358 + -1 + 1 - (-16 + 28)?
-22
Calculate (0 - -172) + 557 + -642.
87
Evaluate 3 + 12 + 4 + -5 + (9 - 10).
13
0 - 35 - (-6 + 29 - (-278 + 291))
-45
What is (-748 - -769) + (-15 - 1) + (-28 - 0)?
-23
Calculate 6 - (3 - (-43 - 48)).
-88
Calculate -5 + 147 + (-24 - (-24 + -9)) + -23.
128
(-40 - -88) + 4 + -17
35
What is the value of (1 - 77) + 4113 + -4081?
-44
35 - ((-10 - 7) + 35)
17
Calculate (0 - 59) + (428 - 379).
-10
Calculate 632 + -596 + (-23 + 1 - -4).
18
Calculate -51 - (-83 - -12 - -49).
-29
(-15 - 5) + 19 + -2 + -18
-21
0 + -3 + -6 + -6 + (1126 - 1045)
66
What is 7 + 117 + (-83 - -18)?
59
Calculate -7 + (16 - 6) - 13 - (-21 + 5).
6
What is the value of 13 + (1 - (3 - (12 + -10))) - 15 - -103?
101
What is the value of 1 + 38 + -59 + -7 + 66?
39
Evaluate 72 + -9 + (28 - 49) - -1.
43
0 + (23 - 32) + 19 + -6
4
Calculate 5 + (3 + 1 - ((-29 - -36) + -5)).
7
Evaluate -45 + -66 - -88 - (25 + 0).
-48
Evaluate (12 - 8) + (54 - (-3 - -2)) + (-182 - -174).
51
Evaluate 9 + (-8 + 6 + 0 - -76) + -10.
73
Calculate 23 + -92 + -118 + 89.
-98
(57 - (-86 + 95)) + -10
38
What is 30 - (-651 - -672 - (-1 - -7))?
15
(-16 - -31 - (5 - -34)) + -15
-39
What is the value of -2 + 8 + 126 + -48?
84
2418 + -2415 + (4 + 10 - (5 + -2))
14
-64 - 24 - (-42 - 10)
-36
(-9 - 2) + (-49 - -13) + 0 + 3 + -7
-51
What is the value of -36 + 308 + -292 + (119 - 0)?
99
-27 + (21 - (-24 - -15)) + -141
-138
(33 - (17 + -22 + 23)) + 5
20
Calculate 15 - (3 + -1) - (32 + -64 + 17).
28
What is 18 - (-14 + -10 + 26 + (0 - -9))?
7
What is 7 - (14 - 32 - (0 - 8)) - (-36 - -49)?
4
Calculate (27 + 0 - (-6 - -6)) + -181 + 185.
31
Calculate 6 + (-64 + -1 - ((45 - 67) + 12)).
-49
What is the value of -15 + (8 - 1) - (-3 - -1 - 4) - 101?
-103
Evaluate 399 + -390 + (-18 - (-2 + 0)) - (-13 + 15).
-9
Calculate -140 + 20 + (391 - 171).
100
Calculate (-54 - (-1 + 2 + 1)) + (-259 - -137) + 123.
-55
What is the value of (-5151 - -5111) + (-53 - 4)?
-97
Calculate 6 + (-11 - ((23 - 14) + -20)) - (0 - 0).
6
Evaluate (-24 - (-25 + 2 - (28 - 36))) + 23.
14
Evaluate -6 - (7 + 6 + -10) - -11.
2
Calculate 24 + -42 + 52 + -9.
25
-106 + 17 + 41 + 56
8
(-2 + (2 - (3 - 6)) - (-245 + 247)) + -37
-36
Evaluate -8 + (13 - (-3 - (8 + -9 + 36))).
43
What is the value of 28 + -2 + 1283 + -1315?
-6
Evaluate -20 + (-21 - -29) + -1 + (6 - 3).
-10
Calculate 6 + 44 + 81 + -62.
69
Calculate -22 - (-26 - (-1 + (10 - -7))).
20
Calculate 7 + -5 + (1 + 9 + -35 - 8).
-31
What is -11 + -5 + 8 + 45 + -3 - -10?
44
Evaluate 728 - 753 - (-11 + 57).
-71
What is (3 - -4) + (69 + -52 - 22)?
2
(78 - 91) + 30 + -8
9
Calculate ((-10 - -38) + -9 + (1 - 2) - 10) + 18.
26
Evaluate 3 + -3 + 0 + -17 + (15 - 16 - 23).
-41
What is 17 + 4 + -53 + (102 - 1)?
69
Calculate -4 + -4 + -2 + 5 + (-241 - -253).
7
Calculate -34 - (25 - (-29 + (35 - 32))).
-85
Calculate 0 - 0 - 60 - (-45 + 48 + 1).
-64
(7 - -5 - -2) + (25 + -45 - -26)
20
-6 - (-14 + -19 + 9) - (31 + 1)
-14
What is the value of -15 - -6 - (-1 - -3) - (175 + -130) - 10?
-66
Evaluate 9 + -32 + (52 - 31) - -15.
13
(-79 - -105 - 30) + (0 - (-55 - 2))
53
What is the value of 85 - (18 + -2 + 1) - (18 + 5)?
45
What is the value of -2 - 25 - (5692 - 5660)?
-59
What is 57 - (35 + -4 + 15)?
11
What is the value of (57 - (14 + -19 + 0)) + -22?
40
What is the value of -22 - -2 - 0 - (-34 + 1 + 29 + 11)?
-27
What is the value of -34 - (6 + 45 + -59)?
-26
What is 11 + (-5 - 18) + 8 - (-49 + 0 + -1)?
46
Calculate (-21 - -16) + -1 + -12 + -9.
-27
Calculate 236 + -274 + (119 - -1).
82
What is -99 + (-4 + (-4 - -13) - (-3 + -11))?
-80
Evaluate 55 + (-39 - (54 - 38)).
0
10 - (-59 + (-14 - -40))
43
What is the value of (-4 - (2 + -3)) + (-1337 - -1436)?
96
What is the value of 98 + (4 + 32 - 152)?
-18
What is (235 - 77 - (7 + (11 - 5))) + -23?
122
What is the value of 111 - (-6 - -77) - (-6 + 0)?
46
Evaluate 4 + -15 + 6 - -17 - (0 + -37).
49
51 - (-7 + (-9 - -53))
14
What is -51 + (73 - (42 + -54))?
34
Evaluate 56 + 5 + -9 + (-5 - 8) - 0.
39
What is 11 - -7 - (184 - 137)?
-29
What is 52 + (-26 + 5 - (-106 + 90))?
47
Calculate -2 + 1 + 43 + 30 + -43 + 5.
34
Evaluate 66 + (-35 - -29 - 47).
13
Calculate 76 - ((15 - 92) + 81).
72
What is 61 - (3 + -2) - (183 - (-185 - -362))?
54
What is the value of -40 + 52 + -25 + -7 + 1?
-19
What is the value of 29 + -39 + (0 - -4 - -19)?
13
Calculate 58 + -72 + 6 + -3 + 55 + 2.
46
What is (47 - (5 + -9 + 30)) + -57?
-36
Evaluate 90 - (70 + (62 - -33)).
-75
-234 + 